
False
Is 539666779 composite?
True
Is 4525434871 composite?
True
Is 27753090533 a composite number?
True
Is 17169544849 a composite number?
True
Is 219768360811 a prime number?
True
Is 98584618631 composite?
False
Is 12080077091 composite?
False
Is 3452176363 composite?
False
Is 273832099 prime?
False
Is 1223584213 composite?
True
Is 5724830821 composite?
False
Is 1750267951 a composite number?
False
Is 35659066433 composite?
False
Is 23982408295 prime?
False
Is 79342691 a composite number?
False
Is 258376111 composite?
True
Is 32331617 composite?
False
Is 924023767 composite?
True
Is 35916644219 composite?
False
Is 1072906883 composite?
False
Is 2209727753 a composite number?
False
Is 25282408091 composite?
False
Is 3103714807 prime?
True
Is 10723651619 prime?
True
Is 77432419 a composite number?
False
Is 60630104329 a composite number?
True
Is 50348621837 composite?
True
Is 7259920285 prime?
False
Is 4444387069 a composite number?
True
Is 150072215935 a composite number?
True
Is 13086633737 a composite number?
True
Is 3835119269 a prime number?
True
Is 11123057167 a composite number?
True
Is 8415247087 a composite number?
True
Is 10111914047 a prime number?
False
Is 18284670587 prime?
True
Is 47776877 prime?
True
Is 4824374309 prime?
True
Is 10897317943 a composite number?
True
Is 133534587479 a prime number?
True
Is 34200557887 a composite number?
True
Is 73670393 prime?
True
Is 15368677351 a composite number?
False
Is 5184716989 composite?
False
Is 2335328159 a composite number?
True
Is 336951731 a composite number?
False
Is 3479525143 composite?
False
Is 4034202773 composite?
False
Is 82027693211 a prime number?
True
Is 17388749881 a composite number?
True
Is 12369580643 prime?
False
Is 33612669529 prime?
True
Is 526289898427 composite?
False
Is 224489553 a prime number?
False
Is 354668441 prime?
False
Is 2515978331 a composite number?
True
Is 13916729357 prime?
False
Is 10636493617 composite?
True
Is 13974265267 composite?
True
Is 9520300259 a prime number?
False
Is 657416147 a composite number?
False
Is 4413685369 a prime number?
False
Is 4796031931 composite?
False
Is 1340817817 a composite number?
True
Is 610516843 prime?
True
Is 868968869 a prime number?
True
Is 2256937303 a composite number?
False
Is 185786521 prime?
False
Is 1889306693 a composite number?
False
Is 595415333 composite?
False
Is 145276017 composite?
True
Is 101917633061 a composite number?
False
Is 101087837609 prime?
False
Is 4019821487 a composite number?
True
Is 2321702269 a composite number?
False
Is 447589223 composite?
True
Is 3234788983 a composite number?
False
Is 508024921 a composite number?
False
Is 40203565459 composite?
True
Is 106069324717 a prime number?
True
Is 38369581007 prime?
False
Is 839832823 a prime number?
True
Is 88595170717 composite?
True
Is 64691857891 a prime number?
True
Is 8383706801 composite?
False
Is 2835904333 a composite number?
False
Is 4220636069 a prime number?
False
Is 73206982999 prime?
False
Is 10233023 composite?
False
Is 134176036411 a prime number?
True
Is 8903645371 a composite number?
False
Is 2910357341 a composite number?
True
Is 5123001967 composite?
False
Is 7888826203 composite?
True
Is 465840971 a composite number?
False
Is 103370396681 a composite number?
False
Is 240136223 a composite number?
True
Is 5874804982 composite?
True
Is 2736457 a prime number?
False
Is 25047337493 prime?
False
Is 766522597 prime?
False
Is 59331778433 a prime number?
False
Is 7679076166 prime?
False
Is 56211698597 a composite number?
True
Is 107354221 a prime number?
False
Is 588722539 composite?
False
Is 9717564767 a prime number?
False
Is 78235509361 composite?
True
Is 3221859649 a composite number?
False
Is 223614113 composite?
True
Is 138980605721 a composite number?
True
Is 119256503 a prime number?
True
Is 5845713701 composite?
False
Is 6613301449 a prime number?
False
Is 642704219 prime?
True
Is 2299411351 composite?
True
Is 9363015539 a composite number?
False
Is 7292232329 composite?
True
Is 4101810143 a composite number?
False
Is 1150392827 composite?
False
Is 227834587 composite?
False
Is 85977727 a prime number?
False
Is 715415917 a composite number?
False
Is 6958655771 a prime number?
True
Is 1670144153 prime?
True
Is 595802629 prime?
True
Is 4521939551 a composite number?
False
Is 7181003987 a composite number?
False
Is 4987045261 a prime number?
False
Is 2415726661 prime?
True
Is 301635167 prime?
False
Is 563129153 prime?
True
Is 436356821 a composite number?
True
Is 3969862483 a prime number?
False
Is 2832038537 a prime number?
True
Is 417254941 a composite number?
False
Is 10400143141 prime?
False
Is 101044357 composite?
False
Is 2084601583 a prime number?
False
Is 7476298367 composite?
True
Is 1281905857 prime?
False
Is 486671617 prime?
False
Is 23972967203 composite?
True
Is 1163825471 a composite number?
False
Is 641858873 composite?
False
Is 1058096537 prime?
True
Is 586689031 a prime number?
False
Is 363286439 a composite number?
False
Is 1133683877 prime?
True
Is 37125401485 a prime number?
False
Is 3174092947 composite?
False
Is 176387451 a prime number?
False
Is 101539970849 composite?
False
Is 276428096173 a composite number?
True
Is 88774060801 a prime number?
True
Is 129580127 prime?
True
Is 36857445277 composite?
False
Is 143175802331 prime?
True
Is 743944651 prime?
True
Is 164478998 composite?
True
Is 12064326529 prime?
True
Is 3115399279 composite?
False
Is 54562062563 a composite number?
True
Is 47666987 composite?
False
Is 425202961 a prime number?
True
Is 1404639281 composite?
False
Is 1511680981 a prime number?
True
Is 860916071 composite?
False
Is 29253555347 a prime number?
False
Is 1860063521 composite?
True
Is 697444843 composite?
False
Is 170488370414 composite?
True
Is 3383694231 prime?
False
Is 2001022951 a prime number?
True
Is 33130144682 composite?
True
Is 19917325327 prime?
True
Is 8843771 composite?
False
Is 20688950267 prime?
False
Is 2947170081 a composite number?
True
Is 74078299769 a prime number?
True
Is 17130689371 prime?
False
Is 319420393 prime?
False
Is 6075785101 a prime number?
True
Is 10113137779 prime?
True
Is 6654938321 a prime number?
False
Is 599194511 prime?
False
Is 3653162891 a prime number?
False
Is 8443484123 prime?
True
Is 3765568399 a composite number?
False
Is 295311083 composite?
False
Is 8253031739 a prime number?
False
Is 5628736327 composite?
False
Is 40727506499 a prime number?
True
Is 759209219 composite?
False
Is 5439847571 a composite number?
True
Is 7090329343 prime?
False
Is 20613385567 prime?
False
Is 914768887 prime?
False
Is 649854901 prime?
False
Is 5731562831 composite?
False
Is 21568518199 a composite number?
False
Is 921390671 a prime number?
True
Is 34953594631 a composite number?
True
Is 14169888281 composite?
False
Is 163412801 a composite number?
False
Is 24686442139 a prime number?
False
Is 6244299773 composite?
False
Is 188428672001 prime?
True
Is 117253399421 a prime number?
True
Is 28594585309 a prime number?
True
Is 8330357807 a prime number?
False
Is 14037632387 a prime number?
True
Is 11300475023 a prime number?
False
Is 1241297839 prime?
False
Is 6907533979 composite?
True
Is 15531081073 a prime number?
True
Is 334722389 a prime number?
True
Is 1721003407 composite?
False
Is 22914328669 composite?
False
Is 372168001 composite?
False
Is 74831133497 composite?
True
Is 17284248571 a prime number?
True
Is 214474441 composite?
False
Is 537456529 a composite number?
False
Is 18416321851 a composite number?
False
Is 59947233049 a prime number?
False
Is 20965553067 composite?
True
Is 57187071863 composite?
True
Is 637961789 a composite number?
False
Is 935029877 prime?
True
Is 38930060009 composite?
False
Is 2440441769 composite?
True
Is 15443540533 composite?
True
Is 54201742307 a prime number?
True
Is 637937441 composite?
True
Is 30404977607 composite?
False
Is 29624261 composite?
False
Is 96091667519 a prime number?
True
Is 10691804033 a prime number?
False
Is 3023424749 a prime number?
True
Is 11479352957 a composite number?
True
Is 11591370403 a composite number?
False
Is 9705805211 a composite number?
False
Is 405686207 a prime number?
False
Is 344044018697 a prime number?
False
Is 58473817453 a composite number?
True
Is 3846417713 a c